 (-5 + -1 + 4 - (-5 + 9))
0
Calculate (-7 - -6) + 1 + 0.
0
10 - (-37 + 66 - (2 - -6))
-11
Calculate -4 + -20 - -8 - (-3 + -10).
-3
Calculate 172 - 178 - ((7 - 5) + 1 + -1).
-8
Evaluate -7 - -13 - 20 - (8 + -10).
-12
(-1 - -15) + (-450 - -440)
4
Evaluate -1 - (-4 + 3 + 11 + (-4 - 1)).
-6
What is the value of -37 + 42 - ((8 - -1) + 2)?
-6
Evaluate -30 + 27 + (-3 + 2 - -8) + -2.
2
Evaluate (-14 - (42 - 65)) + 4.
13
What is -16 + (-3 - -11 - 4) - (0 + -2)?
-10
3 + (3 - 13) - -10
3
Evaluate -10 + 18 - 24 - ((-7 - 1) + 1).
-9
Evaluate 4 - 22 - (15 + -20).
-13
Evaluate (9 - -47) + -41 + -8.
7
Evaluate 1 + -10 + 0 + 19.
10
-2 + -2 + 1 - (-7 + 0)
4
What is (-4 - (6 + -14)) + 6 - 8?
2
Evaluate 16 + (-9 + -9 - -4) + -22.
-20
What is -16 + 8 - (13 - 23)?
2
Evaluate (-2 - (18 + 1)) + 11 + 0.
-10
What is (-2 + 35 - 23) + 6 + -2?
14
Calculate -7 - (-3 + 1 + (-12 - -15 - 5)).
-3
What is the value of ((0 + 7 - -6) + -5 - 14) + 23?
17
What is the value of 87 - 89 - (0 + -2)?
0
What is -57 + 1 + -238 + 272?
-22
Evaluate 5 + -16 - (-16 + -17 + 10).
12
Evaluate (-6 - -5 - 9) + 5.
-5
Calculate -244 + 243 + (-2 + 0 - 11).
-14
What is -7 + 0 - (-59 + 64) - -3?
-9
Calculate -1 + (-13 - -27) + -31.
-18
Calculate -10 + 2 - (19 + -32 + 27).
-22
Calculate -8 - 2 - (-17 + 18 + -40 + 8).
21
-9 - (-1 - (-10 - -31 - 12))
1
What is 9 - (-21 + -1 - (-17 + 4))?
18
-9 + (-10 - (9 + -16))
-12
Calculate 121 + -122 - (-1 - -1 - -2 - 0).
-3
-25 - (-19 + -5 - -8)
-9
Calculate (-19 + 11 - 0 - 8) + -1 + 11.
-6
Calculate 91 - 77 - (3 - -30).
-19
Evaluate -7 - (2 - 3) - ((-24 - 19) + 41).
-4
Calculate (-44 - (-75 - -46)) + -19 + 2.
-32
What is -14 + -49 + 68 + (-3 - (2 + -1))?
1
What is the value of -28 - (7 - (8 + 51))?
24
-4 + (-5 - 0) + 11 - 12
-10
Evaluate (32 - 28 - 3) + -2 + 17 + 3.
19
-2 + -29 - (-193 - -156)
6
(123 - 170) + (3 - -20)
-24
What is (18 - 5) + (-23 - 0)?
-10
What is the value of 3 + -6 - (-4 + 4 + -6 - -6)?
-3
Calculate 10 + -3 - 26 - ((-3 - 4) + -2).
-10
What is the value of 16 + (-5 - -3) + -8 + (52 - 53)?
5
Calculate -50 - (-24 + 22 + -26).
-22
What is (-5 - -2) + (-13 - -5) + 10 + 0?
-1
What is the value of 1 - 4 - (230 + -229)?
-4
What is the value of (-2 - (1 + 5) - -8) + 14?
14
What is the value of 0 + 4 - -1 - 16?
-11
Calculate (-2 - 9) + (-6 - 27) + 49.
5
Calculate (-1 - 28) + (6 - 8).
-31
Evaluate -5 - ((-44 + 38 - (-1 - -7)) + 6).
1
Calculate 8 - 1 - (-4 + 27).
-16
Calculate -2 - (10 + -12) - -9.
9
Evaluate 4 + (4 + -1 + -1 - (-2 + 1)).
7
Calculate 15 - 2 - ((-7 - -2) + 9 - 3).
12
What is 3 - (15 - (-11 + 23))?
0
26 + -32 + -16 + 5
-17
Calculate -10 + (-24 - -26) + 1.
-7
What is 1 + 9 - ((14 - -15) + -10)?
-9
Calculate (1 - 4) + (4 + (-10 - -8) - 5).
-6
Calculate -3 + 7 + 2 + (-12 - -3).
-3
-2002 + 1993 - (2 - (-1 + (0 - 7)))
-19
What is 2 - (6 - ((-17 - -20) + -2 + -1))?
-4
What is 29 - (-3 + (7 - 1))?
26
Evaluate 11 - (16 - (-16 + 23)).
2
What is the value of (-29 - (3 - 28)) + -2 + 1 + -4?
-9
What is 20 + -1 + (-223 - -220)?
16
What is the value of 1 - (6 - (5 + -2 + -12 + 10))?
-4
What is the value of -3 + -4 + -3 + (-129 - -119)?
-20
Calculate -2 + -5 - -4 - ((20 - 28) + -2).
7
What is 15 - (3 + -13 + (-14 - -32))?
7
Evaluate 10 - (-25 - -9 - -9).
17
Calculate -26 + (19 - -32) + -16.
9
-40 - (-92 - -96 - ((-1 - 3) + 15))
-33
Evaluate -19 + 23 - (-3 + 0 + 32).
-25
What is the value of 7 - 1 - (-2 - ((-6 - -12) + -2))?
12
What is the value of 29 + (13 - 11) - (2 - -1 - -3)?
25
-32 + -7 + 22 - -10
-7
12 + (-6 - 1 - (73 - 67))
-1
Evaluate (7 - 24) + -14 + 38 + 8.
15
(-15 - ((-2 - 13) + 9 + 2)) + 14
3
What is the value of 134 + -141 + (2 - (0 - 7)) + 26?
28
Evaluate -4 - -1 - (270 + -272).
-1
What is the value of -16 + 1 + -3 + 12 + (-24 - -21)?
-9
What is the value of -29 - (22 - 38 - -5)?
-18
Calculate -12 - -29 - (4 - 5) - (-4 - 1).
23
-3 - (4 + (-8 - -26))
-25
Calculate 19 + (19 - (0 + 56)).
-18
Calculate 5 - ((5 - (10 + -10)) + -1).
1
-8 - (-22 - (-17 + 15))
12
Calculate -5 + (6 - -8) + -6 + -8.
-5
Calculate -40 - (-9 + (-7 + 25 - 8) - 11).
-30
Calculate -13 + 20 + 1 + -4 + -5 + 10.
9
29 + -1 - (8 + (-1 - -5))
16
Calculate 31 + (-1 - 15) + -24.
-9
Evaluate (6 + -2 - 16) + -2 + 6 + 18.
10
What is the value of -12 - -10 - (9 + 1) - -22?
10
What is 28 + -3 + -16 + (-6 + 15 - 1)?
17
Calculate (33 - (-20 + 43)) + (3 - 1).
12
Evaluate -29 + 7 + 3 + 6.
-13
What is the value of -11 - (5 - 6) - -12?
2
What is the value of 28 + -7 - (-4 - -15)?
10
Evaluate -2 - 12 - (1 - -7 - 11).
-11
Calculate 8 - (-85 + 77 - (-1 + -25)).
-10
-22 - (-18 + 2 + -13 + 21)
-14
Calculate (3 - ((8 - 17) + 6)) + -13 + -10.
-17
Evaluate (-15 - 1) + 64 + 13 + -91.
-30
What is the value of 3 + 3 - (14 + -9) - 3?
-2
14 - 0 - (-244 + 267)
-9
What is the value of -10 - -8 - (1 + -10)?
7
What is (-20 - 7 - -30) + (-1 - 5) + 14?
11
What is (89 - 55) + 3 + -24?
13
Evaluate 3 - (-9 + (15 - 13) - (-4 + 1)).
7
Evaluate -10 + (2 - 5 - -12) + (1 - -1).
1
Calculate -5 - 13 - (-18 - -5 - 39).
34
Evaluate (19 + 2 - -2) + (-104 - -95).
14
What is -2 - -6 - (20 + -21 - 15)?
20
Evaluate -29 + 11 + 7 + -12 - -4.
-19
-17 + (3 - -20) + 4
10
27 + 20 + -6 + -5 + -20
16
Calculate -3 + (6 - 8) - (5 + -1).
-9
Evaluate 18 + -12 - 12 - (9 - 0).
-15
-4 - 8 - (-11 - (-19 - -7))
-13
Calculate (0 - 2) + -11 + (-39 - -47).
-5
(6 - (2 + 0 + 8)) + 6 + -5
-3
-22 + 22 - 7 - -11
4
Calculate -6 - (1 + 5 - (-2 - -7) - 3).
-4
What is (-9 - -5 - 6) + 5 - -15 - 6?
4
What is the value of 19 - (-5 - (-9 + (-10 - -10)))?
15
Evaluate (-124 - -117) + (1 - -23) + -1.
16
What is the value of (30 - 22 - (3 - (3 - 7))) + 9?
10
What is the value of 2 - -10 - 17 - -22?
17
Evaluate (2 - 2) + -9 + 6 + -1 + -3.
-7
What is 21 - (13 + -13 + 9) - -10?
22
(-15 - (-2 + -2)) + (67 - 63)
-7
Calculate -6 - (-40 + 48 + -12 + -2).
0
What is the value of (-8 - 25) + -4 + -12 + 19?
-30
(-26 + 14 - 0) + -1 + 10
-3
What is -1 - (-9 + -5 + 3 + -4 + 6)?
8
What is the value of (440 - 453) + 1 + (-3 - -5)?
-10
Calculate -9 - (6 + 1 - (4 + -2 + 0)).
-14
Evaluate -176 + 180 - ((1 - -1) + 0 - -2).
0
Evaluate 0 + (0 - (-25 - -22)).
3
Evaluate -10 + ((1 - 3) + -8 - -17).
-3
Calculate 25 + (5 + -4 - 5) - 6 - 3.
12
-8 - -7 - (-8 - 4)
11
What is (32 + -18 - 2) + -5?
7
5 + -2 + (-11 - (4 + -30)) + 9
27
What is 3 + -6 - (18 + (-1 - -7 - 6))?
-21
What is the value of 570 + -562 - (7 - -1)?
0
-1 + -8 + (4 - 3 - 10)
-18
Evaluate -7 + -10 + (20 + -2 - -1).
2
Calculate -44 + 52 + 1 - ((-1 - 1) + -25).
36
Evaluate (-72 - -89) + -8 + -5.
4
What is the value of -29 + (14 - (-5 + (0 - -8)))?
-18
Calculate -23 + (9 + -1 - -8) - (-36 + 0).
29
Calculate (-6 - (0 + -1)) + (3435 - 3434) - 5.
-9
(1 + 7 + -8 - -3) + -8
-5
Evaluate 13 + (24 - (-14 + 39)).
12
What is (2 - -22 - 4) + (80 - 72)?
28
Calculate -12 - 7 - (-6 - (0 + 1)).
-12
What is -12 + -16 - -4 - -9?
-15
Evaluate 0 + 1 + 8 + -8 + (-6 - 3).
-8
Evaluate (-274 - -289) + -2 + -22 + (30 - -1).
22
(51 - 54) + 7 + 7
11
What is the value of -2 - ((-18 - -3) + 16)?
-3
What is the value of (-116 - -99) + 1 + 8?
-8
What is the value of 0 - (-2 - -4) - -14 - (3 - 8)?
17
Calculate (0 - (2 + -5)) + (0 - 2) + 17.
18
Calculate 8 - (-33 + 15 - -25).
1
What is -12 + 31 + -1 + 11 + -4?
25
2 + (-11 + 2 - (25 + -11 + -17))
-4
Calculate 1 + 15 + -3 + -1 + 33 + -29.
16
(-2 - -5 - 11) + -4 + 18 + 1
7
What is the value of 1 - (-15 + -7 + (-5 - (-16 + 0)))?
12
Evaluate (55 - 51) + 0 + (4 - 0).
8
What is (10 - (23 + -10)) + -29?
-32
1976 + -2008 - (1 - 26)
-7
What is -23 - -8 - (-3 - 1)?
-11
What is the value of (-4 - -4 - (1 + -7)) + -3 + 3?
6
8 - 4 - (42 + -36) - 13
-15
Evaluate 1 + (10 - (12 + -2 + -10)).
11
What is the value of 3 + -37 - (-3 - (-11 - -15))?
-27
(-5 - (-16 + -11) - 3) + -6
13
What is the value of (-20 - 0) + (-559 - -567)?
-12
-361 + 363 - (-15 + 1)
16
What is (0 + -4 - -4) + 4 + (96 - 127)?
-27
Calculate -898 - -868 - (1 + -40).
9
9 + -1 - (19 + 0 + (-415 - -421))
-17
Evaluate 61 + -97 - (0 + -11 - 2).
-23
What is the value of 9 + -14 - -5 - (-2 + 8 + 2)?
-8
Calculate -43 - (35 + -63 - -1).
-16
0 + 13 - (4 - -3) - (-1 - 1)
8
Evaluate 6 - ((1 - 8) + (5 - -7 - 9)).
10
What is -61 - -59 - (-14 + 2)?
10
Evaluate (8 - 0 - (19 + -4)) + (-5 - -5).
-7
What is -50 + 36 + (19 - -3)?
8
What is (-10 - 17) + 21 + (1 - 7)?
-12
What is the